{"id":838,"date":"2014-09-29T21:38:15","date_gmt":"2014-09-29T21:38:15","guid":{"rendered":"http:\/\/www.boto.cz\/?page_id=838"},"modified":"2014-09-29T21:51:29","modified_gmt":"2014-09-29T21:51:29","slug":"noc-vedcu-2014","status":"publish","type":"page","link":"http:\/\/www.boto.cz\/?page_id=838","title":{"rendered":"Noc v\u011bdc\u016f 2014"},"content":{"rendered":"<p>Ve dnech 26. a 27.9. se v hotelu Charbul\u00e1k v Beskydsk\u00e9 oblasti tmav\u00e9 oblohy konala Noc v\u011bdc\u016f. Prvn\u00ed den se po\u010das\u00ed p\u0159\u00edli\u0161 nevyvedlo, ale ve\u0159ejnost m\u011bla mo\u017enost poslechnout p\u0159edn\u00e1\u0161ky z astronomie a p\u0159\u00edbuzn\u00fdch obor\u016f. Druh\u00e1 noc se ji\u017e vyvedla a bylo mo\u017en\u00e9 pozorovat kr\u00e1sy no\u010dn\u00ed oblohy.<\/p>\n<!-- default-view.php -->\n<div\n\tclass=\"ngg-galleryoverview default-view  ngg-ajax-pagination-none\"\n\tid=\"ngg-gallery-ede7e0b587ad30344fed252fc821d984-1\">\n\n\t\t<!-- Thumbnails -->\n\t\t\t\t<div id=\"ngg-image-0\" class=\"ngg-gallery-thumbnail-box \" >\n\t\t\t\t        <div class=\"ngg-gallery-thumbnail\">\n            <a href=\"http:\/\/www.boto.cz\/wp-content\/gallery\/nocvedcu2014\/10003584_732982213439433_4399146882241078238_o.jpg\"\n               title=\"\"\n               data-src=\"http:\/\/www.boto.cz\/wp-content\/gallery\/nocvedcu2014\/10003584_732982213439433_4399146882241078238_o.jpg\"\n               data-thumbnail=\"http:\/\/www.boto.cz\/wp-content\/gallery\/nocvedcu2014\/thumbs\/thumbs_10003584_732982213439433_4399146882241078238_o.jpg\"\n               data-image-id=\"358\"\n               data-title=\"10003584_732982213439433_4399146882241078238_o\"\n               data-description=\"\"\n               data-image-slug=\"10003584_732982213439433_4399146882241078238_o\"\n               class=\"shutterset_ede7e0b587ad30344fed252fc821d984\">\n                <img\n                    title=\"10003584_732982213439433_4399146882241078238_o\"\n                    alt=\"10003584_732982213439433_4399146882241078238_o\"\n                    src=\"http:\/\/www.boto.cz\/wp-content\/gallery\/nocvedcu2014\/thumbs\/thumbs_10003584_732982213439433_4399146882241078238_o.jpg\"\n                    width=\"170\"\n                    height=\"140\"\n                    style=\"max-width:100%;\"\n                \/>\n            <\/a>\n        <\/div>\n\t\t\t\t\t\t\t<\/div> \n\t\t\t\n\t\t\t\t<div id=\"ngg-image-1\" class=\"ngg-gallery-thumbnail-box \" >\n\t\t\t\t        <div class=\"ngg-gallery-thumbnail\">\n            <a href=\"http:\/\/www.boto.cz\/wp-content\/gallery\/nocvedcu2014\/10007275_732982363439418_2599008076575307056_o.jpg\"\n               title=\"\"\n               data-src=\"http:\/\/www.boto.cz\/wp-content\/gallery\/nocvedcu2014\/10007275_732982363439418_2599008076575307056_o.jpg\"\n               data-thumbnail=\"http:\/\/www.boto.cz\/wp-content\/gallery\/nocvedcu2014\/thumbs\/thumbs_10007275_732982363439418_2599008076575307056_o.jpg\"\n               data-image-id=\"359\"\n               data-title=\"10007275_732982363439418_2599008076575307056_o\"\n               data-description=\"\"\n               data-image-slug=\"10007275_732982363439418_2599008076575307056_o\"\n               class=\"shutterset_ede7e0b587ad30344fed252fc821d984\">\n                <img\n                    title=\"10007275_732982363439418_2599008076575307056_o\"\n                    alt=\"10007275_732982363439418_2599008076575307056_o\"\n                    src=\"http:\/\/www.boto.cz\/wp-content\/gallery\/nocvedcu2014\/thumbs\/thumbs_10007275_732982363439418_2599008076575307056_o.jpg\"\n                    width=\"170\"\n                    height=\"140\"\n                    style=\"max-width:100%;\"\n                \/>\n            <\/a>\n        <\/div>\n\t\t\t\t\t\t\t<\/div> \n\t\t\t\n\t\t\t\t<div id=\"ngg-image-2\" class=\"ngg-gallery-thumbnail-box \" >\n\t\t\t\t        <div class=\"ngg-gallery-thumbnail\">\n            <a href=\"http:\/\/www.boto.cz\/wp-content\/gallery\/nocvedcu2014\/10264115_732982396772748_7366948459759400492_o.jpg\"\n               title=\"\"\n               data-src=\"http:\/\/www.boto.cz\/wp-content\/gallery\/nocvedcu2014\/10264115_732982396772748_7366948459759400492_o.jpg\"\n               data-thumbnail=\"http:\/\/www.boto.cz\/wp-content\/gallery\/nocvedcu2014\/thumbs\/thumbs_10264115_732982396772748_7366948459759400492_o.jpg\"\n               data-image-id=\"360\"\n               data-title=\"10264115_732982396772748_7366948459759400492_o\"\n               data-description=\"\"\n               data-image-slug=\"10264115_732982396772748_7366948459759400492_o\"\n               class=\"shutterset_ede7e0b587ad30344fed252fc821d984\">\n                <img\n                    title=\"10264115_732982396772748_7366948459759400492_o\"\n                    alt=\"10264115_732982396772748_7366948459759400492_o\"\n                    src=\"http:\/\/www.boto.cz\/wp-content\/gallery\/nocvedcu2014\/thumbs\/thumbs_10264115_732982396772748_7366948459759400492_o.jpg\"\n                    width=\"170\"\n                    height=\"140\"\n                    style=\"max-width:100%;\"\n                \/>\n            <\/a>\n        <\/div>\n\t\t\t\t\t\t\t<\/div> \n\t\t\t\n\t\t\t\t<div id=\"ngg-image-3\" class=\"ngg-gallery-thumbnail-box \" >\n\t\t\t\t        <div class=\"ngg-gallery-thumbnail\">\n            <a href=\"http:\/\/www.boto.cz\/wp-content\/gallery\/nocvedcu2014\/10431241_732982366772751_1627979442619996903_o.jpg\"\n               title=\"\"\n               data-src=\"http:\/\/www.boto.cz\/wp-content\/gallery\/nocvedcu2014\/10431241_732982366772751_1627979442619996903_o.jpg\"\n               data-thumbnail=\"http:\/\/www.boto.cz\/wp-content\/gallery\/nocvedcu2014\/thumbs\/thumbs_10431241_732982366772751_1627979442619996903_o.jpg\"\n               data-image-id=\"361\"\n               data-title=\"10431241_732982366772751_1627979442619996903_o\"\n               data-description=\"\"\n               data-image-slug=\"10431241_732982366772751_1627979442619996903_o\"\n               class=\"shutterset_ede7e0b587ad30344fed252fc821d984\">\n                <img\n                    title=\"10431241_732982366772751_1627979442619996903_o\"\n                    alt=\"10431241_732982366772751_1627979442619996903_o\"\n                    src=\"http:\/\/www.boto.cz\/wp-content\/gallery\/nocvedcu2014\/thumbs\/thumbs_10431241_732982366772751_1627979442619996903_o.jpg\"\n                    width=\"170\"\n                    height=\"140\"\n                    style=\"max-width:100%;\"\n                \/>\n            <\/a>\n        <\/div>\n\t\t\t\t\t\t\t<\/div> \n\t\t\t\n\t\t\t\t<div id=\"ngg-image-4\" class=\"ngg-gallery-thumbnail-box \" >\n\t\t\t\t        <div class=\"ngg-gallery-thumbnail\">\n            <a href=\"http:\/\/www.boto.cz\/wp-content\/gallery\/nocvedcu2014\/10514187_1493880100863036_1774749851876894628_o.jpg\"\n               title=\"\"\n               data-src=\"http:\/\/www.boto.cz\/wp-content\/gallery\/nocvedcu2014\/10514187_1493880100863036_1774749851876894628_o.jpg\"\n               data-thumbnail=\"http:\/\/www.boto.cz\/wp-content\/gallery\/nocvedcu2014\/thumbs\/thumbs_10514187_1493880100863036_1774749851876894628_o.jpg\"\n               data-image-id=\"362\"\n               data-title=\"10514187_1493880100863036_1774749851876894628_o\"\n               data-description=\"\"\n               data-image-slug=\"10514187_1493880100863036_1774749851876894628_o\"\n               class=\"shutterset_ede7e0b587ad30344fed252fc821d984\">\n                <img\n                    title=\"10514187_1493880100863036_1774749851876894628_o\"\n                    alt=\"10514187_1493880100863036_1774749851876894628_o\"\n                    src=\"http:\/\/www.boto.cz\/wp-content\/gallery\/nocvedcu2014\/thumbs\/thumbs_10514187_1493880100863036_1774749851876894628_o.jpg\"\n                    width=\"170\"\n                    height=\"140\"\n                    style=\"max-width:100%;\"\n                \/>\n            <\/a>\n        <\/div>\n\t\t\t\t\t\t\t<\/div> \n\t\t\t\n\t\t\t\t<div id=\"ngg-image-5\" class=\"ngg-gallery-thumbnail-box \" >\n\t\t\t\t        <div class=\"ngg-gallery-thumbnail\">\n            <a href=\"http:\/\/www.boto.cz\/wp-content\/gallery\/nocvedcu2014\/10604710_732982260106095_3826228460555132071_o.jpg\"\n               title=\"\"\n               data-src=\"http:\/\/www.boto.cz\/wp-content\/gallery\/nocvedcu2014\/10604710_732982260106095_3826228460555132071_o.jpg\"\n               data-thumbnail=\"http:\/\/www.boto.cz\/wp-content\/gallery\/nocvedcu2014\/thumbs\/thumbs_10604710_732982260106095_3826228460555132071_o.jpg\"\n               data-image-id=\"363\"\n               data-title=\"10604710_732982260106095_3826228460555132071_o\"\n               data-description=\"\"\n               data-image-slug=\"10604710_732982260106095_3826228460555132071_o\"\n               class=\"shutterset_ede7e0b587ad30344fed252fc821d984\">\n                <img\n                    title=\"10604710_732982260106095_3826228460555132071_o\"\n                    alt=\"10604710_732982260106095_3826228460555132071_o\"\n                    src=\"http:\/\/www.boto.cz\/wp-content\/gallery\/nocvedcu2014\/thumbs\/thumbs_10604710_732982260106095_3826228460555132071_o.jpg\"\n                    width=\"170\"\n                    height=\"140\"\n                    style=\"max-width:100%;\"\n                \/>\n            <\/a>\n        <\/div>\n\t\t\t\t\t\t\t<\/div> \n\t\t\t\n\t\t\t\t<div id=\"ngg-image-6\" class=\"ngg-gallery-thumbnail-box \" >\n\t\t\t\t        <div class=\"ngg-gallery-thumbnail\">\n            <a href=\"http:\/\/www.boto.cz\/wp-content\/gallery\/nocvedcu2014\/10619926_732982420106079_3772946128415258744_o.jpg\"\n               title=\"\"\n               data-src=\"http:\/\/www.boto.cz\/wp-content\/gallery\/nocvedcu2014\/10619926_732982420106079_3772946128415258744_o.jpg\"\n               data-thumbnail=\"http:\/\/www.boto.cz\/wp-content\/gallery\/nocvedcu2014\/thumbs\/thumbs_10619926_732982420106079_3772946128415258744_o.jpg\"\n               data-image-id=\"364\"\n               data-title=\"10619926_732982420106079_3772946128415258744_o\"\n               data-description=\"\"\n               data-image-slug=\"10619926_732982420106079_3772946128415258744_o\"\n               class=\"shutterset_ede7e0b587ad30344fed252fc821d984\">\n                <img\n                    title=\"10619926_732982420106079_3772946128415258744_o\"\n                    alt=\"10619926_732982420106079_3772946128415258744_o\"\n                    src=\"http:\/\/www.boto.cz\/wp-content\/gallery\/nocvedcu2014\/thumbs\/thumbs_10619926_732982420106079_3772946128415258744_o.jpg\"\n                    width=\"170\"\n                    height=\"140\"\n                    style=\"max-width:100%;\"\n                \/>\n            <\/a>\n        <\/div>\n\t\t\t\t\t\t\t<\/div> \n\t\t\t\n\t\t\t\t<div id=\"ngg-image-7\" class=\"ngg-gallery-thumbnail-box \" >\n\t\t\t\t        <div class=\"ngg-gallery-thumbnail\">\n            <a href=\"http:\/\/www.boto.cz\/wp-content\/gallery\/nocvedcu2014\/10633298_732982423439412_7519495671022690981_o.jpg\"\n               title=\"\"\n               data-src=\"http:\/\/www.boto.cz\/wp-content\/gallery\/nocvedcu2014\/10633298_732982423439412_7519495671022690981_o.jpg\"\n               data-thumbnail=\"http:\/\/www.boto.cz\/wp-content\/gallery\/nocvedcu2014\/thumbs\/thumbs_10633298_732982423439412_7519495671022690981_o.jpg\"\n               data-image-id=\"365\"\n               data-title=\"10633298_732982423439412_7519495671022690981_o\"\n               data-description=\"\"\n               data-image-slug=\"10633298_732982423439412_7519495671022690981_o\"\n               class=\"shutterset_ede7e0b587ad30344fed252fc821d984\">\n                <img\n                    title=\"10633298_732982423439412_7519495671022690981_o\"\n                    alt=\"10633298_732982423439412_7519495671022690981_o\"\n                    src=\"http:\/\/www.boto.cz\/wp-content\/gallery\/nocvedcu2014\/thumbs\/thumbs_10633298_732982423439412_7519495671022690981_o.jpg\"\n                    width=\"170\"\n                    height=\"140\"\n                    style=\"max-width:100%;\"\n                \/>\n            <\/a>\n        <\/div>\n\t\t\t\t\t\t\t<\/div> \n\t\t\t\n\t\t\t\t<div id=\"ngg-image-8\" class=\"ngg-gallery-thumbnail-box \" >\n\t\t\t\t        <div class=\"ngg-gallery-thumbnail\">\n            <a href=\"http:\/\/www.boto.cz\/wp-content\/gallery\/nocvedcu2014\/10661947_732982280106093_2275844567747618757_o.jpg\"\n               title=\"\"\n               data-src=\"http:\/\/www.boto.cz\/wp-content\/gallery\/nocvedcu2014\/10661947_732982280106093_2275844567747618757_o.jpg\"\n               data-thumbnail=\"http:\/\/www.boto.cz\/wp-content\/gallery\/nocvedcu2014\/thumbs\/thumbs_10661947_732982280106093_2275844567747618757_o.jpg\"\n               data-image-id=\"366\"\n               data-title=\"10661947_732982280106093_2275844567747618757_o\"\n               data-description=\"\"\n               data-image-slug=\"10661947_732982280106093_2275844567747618757_o\"\n               class=\"shutterset_ede7e0b587ad30344fed252fc821d984\">\n                <img\n                    title=\"10661947_732982280106093_2275844567747618757_o\"\n                    alt=\"10661947_732982280106093_2275844567747618757_o\"\n                    src=\"http:\/\/www.boto.cz\/wp-content\/gallery\/nocvedcu2014\/thumbs\/thumbs_10661947_732982280106093_2275844567747618757_o.jpg\"\n                    width=\"170\"\n                    height=\"140\"\n                    style=\"max-width:100%;\"\n                \/>\n            <\/a>\n        <\/div>\n\t\t\t\t\t\t\t<\/div> \n\t\t\t\n\t\t\t\t<div id=\"ngg-image-9\" class=\"ngg-gallery-thumbnail-box \" >\n\t\t\t\t        <div class=\"ngg-gallery-thumbnail\">\n            <a href=\"http:\/\/www.boto.cz\/wp-content\/gallery\/nocvedcu2014\/10679694_732982426772745_6101403242833886444_o.jpg\"\n               title=\"\"\n               data-src=\"http:\/\/www.boto.cz\/wp-content\/gallery\/nocvedcu2014\/10679694_732982426772745_6101403242833886444_o.jpg\"\n               data-thumbnail=\"http:\/\/www.boto.cz\/wp-content\/gallery\/nocvedcu2014\/thumbs\/thumbs_10679694_732982426772745_6101403242833886444_o.jpg\"\n               data-image-id=\"367\"\n               data-title=\"10679694_732982426772745_6101403242833886444_o\"\n               data-description=\"\"\n               data-image-slug=\"10679694_732982426772745_6101403242833886444_o\"\n               class=\"shutterset_ede7e0b587ad30344fed252fc821d984\">\n                <img\n                    title=\"10679694_732982426772745_6101403242833886444_o\"\n                    alt=\"10679694_732982426772745_6101403242833886444_o\"\n                    src=\"http:\/\/www.boto.cz\/wp-content\/gallery\/nocvedcu2014\/thumbs\/thumbs_10679694_732982426772745_6101403242833886444_o.jpg\"\n                    width=\"170\"\n                    height=\"140\"\n                    style=\"max-width:100%;\"\n                \/>\n            <\/a>\n        <\/div>\n\t\t\t\t\t\t\t<\/div> \n\t\t\t\n\t\t\t\t<div id=\"ngg-image-10\" class=\"ngg-gallery-thumbnail-box \" >\n\t\t\t\t        <div class=\"ngg-gallery-thumbnail\">\n            <a href=\"http:\/\/www.boto.cz\/wp-content\/gallery\/nocvedcu2014\/10680020_732982386772749_2034624869190555560_o.jpg\"\n               title=\"\"\n               data-src=\"http:\/\/www.boto.cz\/wp-content\/gallery\/nocvedcu2014\/10680020_732982386772749_2034624869190555560_o.jpg\"\n               data-thumbnail=\"http:\/\/www.boto.cz\/wp-content\/gallery\/nocvedcu2014\/thumbs\/thumbs_10680020_732982386772749_2034624869190555560_o.jpg\"\n               data-image-id=\"368\"\n               data-title=\"10680020_732982386772749_2034624869190555560_o\"\n               data-description=\"\"\n               data-image-slug=\"10680020_732982386772749_2034624869190555560_o\"\n               class=\"shutterset_ede7e0b587ad30344fed252fc821d984\">\n                <img\n                    title=\"10680020_732982386772749_2034624869190555560_o\"\n                    alt=\"10680020_732982386772749_2034624869190555560_o\"\n                    src=\"http:\/\/www.boto.cz\/wp-content\/gallery\/nocvedcu2014\/thumbs\/thumbs_10680020_732982386772749_2034624869190555560_o.jpg\"\n                    width=\"170\"\n                    height=\"140\"\n                    style=\"max-width:100%;\"\n                \/>\n            <\/a>\n        <\/div>\n\t\t\t\t\t\t\t<\/div> \n\t\t\t\n\t\t\t\t<div id=\"ngg-image-11\" class=\"ngg-gallery-thumbnail-box \" >\n\t\t\t\t        <div class=\"ngg-gallery-thumbnail\">\n            <a href=\"http:\/\/www.boto.cz\/wp-content\/gallery\/nocvedcu2014\/10686709_1493878544196525_7068376615520616937_n.jpg\"\n               title=\"\"\n               data-src=\"http:\/\/www.boto.cz\/wp-content\/gallery\/nocvedcu2014\/10686709_1493878544196525_7068376615520616937_n.jpg\"\n               data-thumbnail=\"http:\/\/www.boto.cz\/wp-content\/gallery\/nocvedcu2014\/thumbs\/thumbs_10686709_1493878544196525_7068376615520616937_n.jpg\"\n               data-image-id=\"369\"\n               data-title=\"10686709_1493878544196525_7068376615520616937_n\"\n               data-description=\"\"\n               data-image-slug=\"10686709_1493878544196525_7068376615520616937_n\"\n               class=\"shutterset_ede7e0b587ad30344fed252fc821d984\">\n                <img\n                    title=\"10686709_1493878544196525_7068376615520616937_n\"\n                    alt=\"10686709_1493878544196525_7068376615520616937_n\"\n                    src=\"http:\/\/www.boto.cz\/wp-content\/gallery\/nocvedcu2014\/thumbs\/thumbs_10686709_1493878544196525_7068376615520616937_n.jpg\"\n                    width=\"170\"\n                    height=\"140\"\n                    style=\"max-width:100%;\"\n                \/>\n            <\/a>\n        <\/div>\n\t\t\t\t\t\t\t<\/div> \n\t\t\t\n\t\t\t\t<div id=\"ngg-image-12\" class=\"ngg-gallery-thumbnail-box \" >\n\t\t\t\t        <div class=\"ngg-gallery-thumbnail\">\n            <a href=\"http:\/\/www.boto.cz\/wp-content\/gallery\/nocvedcu2014\/1622157_1493878574196522_4073355147670708847_n.jpg\"\n               title=\"\"\n               data-src=\"http:\/\/www.boto.cz\/wp-content\/gallery\/nocvedcu2014\/1622157_1493878574196522_4073355147670708847_n.jpg\"\n               data-thumbnail=\"http:\/\/www.boto.cz\/wp-content\/gallery\/nocvedcu2014\/thumbs\/thumbs_1622157_1493878574196522_4073355147670708847_n.jpg\"\n               data-image-id=\"370\"\n               data-title=\"1622157_1493878574196522_4073355147670708847_n\"\n               data-description=\"\"\n               data-image-slug=\"1622157_1493878574196522_4073355147670708847_n\"\n               class=\"shutterset_ede7e0b587ad30344fed252fc821d984\">\n                <img\n                    title=\"1622157_1493878574196522_4073355147670708847_n\"\n                    alt=\"1622157_1493878574196522_4073355147670708847_n\"\n                    src=\"http:\/\/www.boto.cz\/wp-content\/gallery\/nocvedcu2014\/thumbs\/thumbs_1622157_1493878574196522_4073355147670708847_n.jpg\"\n                    width=\"170\"\n                    height=\"140\"\n                    style=\"max-width:100%;\"\n                \/>\n            <\/a>\n        <\/div>\n\t\t\t\t\t\t\t<\/div> \n\t\t\t\n\t\t\t\t<div id=\"ngg-image-13\" class=\"ngg-gallery-thumbnail-box \" >\n\t\t\t\t        <div class=\"ngg-gallery-thumbnail\">\n            <a href=\"http:\/\/www.boto.cz\/wp-content\/gallery\/nocvedcu2014\/1658212_732982360106085_4630233924995480210_o.jpg\"\n               title=\"\"\n               data-src=\"http:\/\/www.boto.cz\/wp-content\/gallery\/nocvedcu2014\/1658212_732982360106085_4630233924995480210_o.jpg\"\n               data-thumbnail=\"http:\/\/www.boto.cz\/wp-content\/gallery\/nocvedcu2014\/thumbs\/thumbs_1658212_732982360106085_4630233924995480210_o.jpg\"\n               data-image-id=\"371\"\n               data-title=\"1658212_732982360106085_4630233924995480210_o\"\n               data-description=\"\"\n               data-image-slug=\"1658212_732982360106085_4630233924995480210_o\"\n               class=\"shutterset_ede7e0b587ad30344fed252fc821d984\">\n                <img\n                    title=\"1658212_732982360106085_4630233924995480210_o\"\n                    alt=\"1658212_732982360106085_4630233924995480210_o\"\n                    src=\"http:\/\/www.boto.cz\/wp-content\/gallery\/nocvedcu2014\/thumbs\/thumbs_1658212_732982360106085_4630233924995480210_o.jpg\"\n                    width=\"170\"\n                    height=\"140\"\n                    style=\"max-width:100%;\"\n                \/>\n            <\/a>\n        <\/div>\n\t\t\t\t\t\t\t<\/div> \n\t\t\t\n\t\t\t\t<div id=\"ngg-image-14\" class=\"ngg-gallery-thumbnail-box \" >\n\t\t\t\t        <div class=\"ngg-gallery-thumbnail\">\n            <a href=\"http:\/\/www.boto.cz\/wp-content\/gallery\/nocvedcu2014\/1926229_732982320106089_5212357422012709907_o.jpg\"\n               title=\"\"\n               data-src=\"http:\/\/www.boto.cz\/wp-content\/gallery\/nocvedcu2014\/1926229_732982320106089_5212357422012709907_o.jpg\"\n               data-thumbnail=\"http:\/\/www.boto.cz\/wp-content\/gallery\/nocvedcu2014\/thumbs\/thumbs_1926229_732982320106089_5212357422012709907_o.jpg\"\n               data-image-id=\"372\"\n               data-title=\"1926229_732982320106089_5212357422012709907_o\"\n               data-description=\"\"\n               data-image-slug=\"1926229_732982320106089_5212357422012709907_o\"\n               class=\"shutterset_ede7e0b587ad30344fed252fc821d984\">\n                <img\n                    title=\"1926229_732982320106089_5212357422012709907_o\"\n                    alt=\"1926229_732982320106089_5212357422012709907_o\"\n                    src=\"http:\/\/www.boto.cz\/wp-content\/gallery\/nocvedcu2014\/thumbs\/thumbs_1926229_732982320106089_5212357422012709907_o.jpg\"\n                    width=\"170\"\n                    height=\"140\"\n                    style=\"max-width:100%;\"\n                \/>\n            <\/a>\n        <\/div>\n\t\t\t\t\t\t\t<\/div> \n\t\t\t\n\t\t\t\t<div id=\"ngg-image-15\" class=\"ngg-gallery-thumbnail-box \" >\n\t\t\t\t        <div class=\"ngg-gallery-thumbnail\">\n            <a href=\"http:\/\/www.boto.cz\/wp-content\/gallery\/nocvedcu2014\/1956726_732982240106097_8630088416716536600_o.jpg\"\n               title=\"\"\n               data-src=\"http:\/\/www.boto.cz\/wp-content\/gallery\/nocvedcu2014\/1956726_732982240106097_8630088416716536600_o.jpg\"\n               data-thumbnail=\"http:\/\/www.boto.cz\/wp-content\/gallery\/nocvedcu2014\/thumbs\/thumbs_1956726_732982240106097_8630088416716536600_o.jpg\"\n               data-image-id=\"373\"\n               data-title=\"1956726_732982240106097_8630088416716536600_o\"\n               data-description=\"\"\n               data-image-slug=\"1956726_732982240106097_8630088416716536600_o\"\n               class=\"shutterset_ede7e0b587ad30344fed252fc821d984\">\n                <img\n                    title=\"1956726_732982240106097_8630088416716536600_o\"\n                    alt=\"1956726_732982240106097_8630088416716536600_o\"\n                    src=\"http:\/\/www.boto.cz\/wp-content\/gallery\/nocvedcu2014\/thumbs\/thumbs_1956726_732982240106097_8630088416716536600_o.jpg\"\n                    width=\"170\"\n                    height=\"140\"\n                    style=\"max-width:100%;\"\n                \/>\n            <\/a>\n        <\/div>\n\t\t\t\t\t\t\t<\/div> \n\t\t\t\n\t\t\t\t<div id=\"ngg-image-16\" class=\"ngg-gallery-thumbnail-box \" >\n\t\t\t\t        <div class=\"ngg-gallery-thumbnail\">\n            <a href=\"http:\/\/www.boto.cz\/wp-content\/gallery\/nocvedcu2014\/906380_732982223439432_3373203264499074302_o.jpg\"\n               title=\"\"\n               data-src=\"http:\/\/www.boto.cz\/wp-content\/gallery\/nocvedcu2014\/906380_732982223439432_3373203264499074302_o.jpg\"\n               data-thumbnail=\"http:\/\/www.boto.cz\/wp-content\/gallery\/nocvedcu2014\/thumbs\/thumbs_906380_732982223439432_3373203264499074302_o.jpg\"\n               data-image-id=\"374\"\n               data-title=\"906380_732982223439432_3373203264499074302_o\"\n               data-description=\"\"\n               data-image-slug=\"906380_732982223439432_3373203264499074302_o\"\n               class=\"shutterset_ede7e0b587ad30344fed252fc821d984\">\n                <img\n                    title=\"906380_732982223439432_3373203264499074302_o\"\n                    alt=\"906380_732982223439432_3373203264499074302_o\"\n                    src=\"http:\/\/www.boto.cz\/wp-content\/gallery\/nocvedcu2014\/thumbs\/thumbs_906380_732982223439432_3373203264499074302_o.jpg\"\n                    width=\"170\"\n                    height=\"140\"\n                    style=\"max-width:100%;\"\n                \/>\n            <\/a>\n        <\/div>\n\t\t\t\t\t\t\t<\/div> \n\t\t\t\n\t\n\t<br style=\"clear: both\" \/>\n\n\t\n\t\t<div class=\"ngg-clear\"><\/div>\n\t<\/div>\n\n","protected":false},"excerpt":{"rendered":"<p>Ve dnech 26. a 27.9. se v hotelu Charbul\u00e1k v Beskydsk\u00e9 oblasti tmav\u00e9 oblohy konala Noc v\u011bdc\u016f. Prvn\u00ed den se po\u010das\u00ed p\u0159\u00edli\u0161 nevyvedlo, ale ve\u0159ejnost m\u011bla mo\u017enost poslechnout p\u0159edn\u00e1\u0161ky z astronomie a p\u0159\u00edbuzn\u00fdch obor\u016f. Druh\u00e1 noc se ji\u017e vyvedla a bylo mo\u017en\u00e9 pozorovat kr\u00e1sy no\u010dn\u00ed oblohy.<\/p>\n","protected":false},"author":2,"featured_media":0,"parent":14,"menu_order":0,"comment_status":"open","ping_status":"open","template":"","meta":{"ngg_post_thumbnail":0},"_links":{"self":[{"href":"http:\/\/www.boto.cz\/index.php?rest_route=\/wp\/v2\/pages\/838"}],"collection":[{"href":"http:\/\/www.boto.cz\/index.php?rest_route=\/wp\/v2\/pages"}],"about":[{"href":"http:\/\/www.boto.cz\/index.php?rest_route=\/wp\/v2\/types\/page"}],"author":[{"embeddable":true,"href":"http:\/\/www.boto.cz\/index.php?rest_route=\/wp\/v2\/users\/2"}],"replies":[{"embeddable":true,"href":"http:\/\/www.boto.cz\/index.php?rest_route=%2Fwp%2Fv2%2Fcomments&post=838"}],"version-history":[{"count":3,"href":"http:\/\/www.boto.cz\/index.php?rest_route=\/wp\/v2\/pages\/838\/revisions"}],"predecessor-version":[{"id":844,"href":"http:\/\/www.boto.cz\/index.php?rest_route=\/wp\/v2\/pages\/838\/revisions\/844"}],"up":[{"embeddable":true,"href":"http:\/\/www.boto.cz\/index.php?rest_route=\/wp\/v2\/pages\/14"}],"wp:attachment":[{"href":"http:\/\/www.boto.cz\/index.php?rest_route=%2Fwp%2Fv2%2Fmedia&parent=838"}],"curies":[{"name":"wp","href":"https:\/\/api.w.org\/{rel}","templated":true}]}}