{"id":14,"date":"2012-12-27T18:24:30","date_gmt":"2012-12-27T18:24:30","guid":{"rendered":"http:\/\/www.boto.cz\/?page_id=14"},"modified":"2014-09-29T21:55:13","modified_gmt":"2014-09-29T21:55:13","slug":"obrazem","status":"publish","type":"page","link":"http:\/\/www.boto.cz\/?page_id=14","title":{"rendered":"Obrazem"},"content":{"rendered":"<p><a href=\"http:\/\/www.boto.cz\/?page_id=838\"><img loading=\"lazy\" class=\"alignright\" alt=\"Noc v\u011bdc\u016f 2014\" src=\"http:\/\/www.boto.cz\/wp-content\/gallery\/nocvedcu2014\/thumbs\/thumbs_10680020_732982386772749_2034624869190555560_o.jpg\" width=\"170\" height=\"140\" \/><\/a> <strong><a href=\"http:\/\/www.boto.cz\/?page_id=838\">Noc v\u011bdc\u016f 2014<\/a><\/strong>. Ve dnech 26. a 27.9. se v hotelu Charbul\u00e1k v Beskydsk\u00e9 oblasti tmav\u00e9 oblohy konala Noc v\u011bdc\u016f. Prvn\u00ed den se po\u010das\u00ed p\u0159\u00edli\u0161 nevyvedlo, ale ve\u0159ejnost m\u011bla mo\u017enost poslechnout p\u0159edn\u00e1\u0161ky z astronomie a p\u0159\u00edbuzn\u00fdch obor\u016f. Druh\u00e1 noc se ji\u017e vyvedla a bylo mo\u017en\u00e9 pozorovat kr\u00e1sy no\u010dn\u00ed oblohy.<\/p>\n<p>&nbsp;<\/p>\n<hr align=\"center\" noshade=\"noshade\" width=\"90%\" \/>\n<p><a href=\"http:\/\/www.boto.cz\/?page_id=821\"><img loading=\"lazy\" class=\"alignleft\" alt=\"V\u00fdstava P\u0159\u00edli\u0161 sv\u011btl\u00e1 tma\" src=\"http:\/\/www.boto.cz\/wp-content\/gallery\/vystava-prilis-svetla-tma\/thumbs\/thumbs_img_6580.jpg\" width=\"170\" height=\"140\" \/><\/a><strong><a href=\"http:\/\/www.boto.cz\/?page_id=821\">V\u00fdstava P\u0159\u00edli\u0161 sv\u011btl\u00e1 tma<\/a><\/strong>. O v\u00edkendu 16.8. prob\u011bhla na \u0160varn\u00e9 Hance vernis\u00e1\u017e v\u00fdstavy P\u0159\u00edli\u0161 sv\u011btl\u00e1 tma. V\u00fdstava se nach\u00e1z\u00ed na 5 m\u00edstech v okol\u00ed, tzn. hotely Visal\u00e1je, Sulov, \u0160varn\u00e1 Hanka, Charbul\u00e1k a alt\u00e1nek u kostela u p\u0159ehrady v Hamrech. V\u00fdstava m\u011b\u0159\u00ed celkem 13 km (resp. 9 kdy\u017e se k alt\u00e1nku sjede autem), nav\u0161t\u00edvit j\u00ed m\u016f\u017eete do 26.9. kdy se pro zm\u011bnu kon\u00e1 leto\u0161n\u00ed Noc v\u011bdc\u016f.<\/p>\n<p>&nbsp;<\/p>\n<hr align=\"center\" noshade=\"noshade\" width=\"90%\" \/>\n<p><a href=\"http:\/\/www.boto.cz\/?page_id=778\"><img loading=\"lazy\" class=\"alignright\" alt=\"Jarn\u00ed astronomick\u00fd den 2014\" src=\"http:\/\/www.boto.cz\/wp-content\/gallery\/jarni-astronomicky-den-2014\/thumbs\/thumbs_10273361_655739991163656_7872160097048201763_o.jpg\" width=\"170\" height=\"140\" \/><\/a><strong><a href=\"http:\/\/www.boto.cz\/?page_id=778\">Jarn\u00ed astronomick\u00fd den 2014<\/a><\/strong>. Fotky z prob\u011bhl\u00e9ho astronomick\u00e9ho dne, kter\u00fd se uskute\u010dnil dne 8. kv\u011btna na \u0160varn\u00e9 Hance.<\/p>\n<p>&nbsp;<\/p>\n<p>&nbsp;<\/p>\n<p>&nbsp;<\/p>\n<hr align=\"center\" noshade=\"noshade\" width=\"90%\" \/>\n<p><a href=\"http:\/\/www.boto.cz\/?page_id=375\"><img loading=\"lazy\" class=\"ngg-singlepic ngg-left alignleft\" alt=\"No\u010dn\u00ed nebe nad Beskydskou oblast\u00ed tmav\u00e9 oblohy\" src=\"http:\/\/www.boto.cz\/wp-content\/uploads\/banner\/thumbs\/thumbs_IMG_3645-2.jpg\" width=\"170\" height=\"140\" \/><\/a><strong><a href=\"http:\/\/www.boto.cz\/?page_id=375\">Galerie no\u010dn\u00edch sn\u00edmk\u016f z Beskydsk\u00e9 oblasti tmav\u00e9 oblohy<\/a><\/strong><a href=\"http:\/\/www.boto.cz\/?page_id=375\">.<\/a> Na fotografi\u00edch najdete astronomick\u00e9 jevy \u00a0a objekty jako Ml\u00e9\u010dnou dr\u00e1hu, zv\u00ed\u0159etn\u00edkov\u00e9 sv\u011btlo \u010di protisvit, \u010dasto v kombinaci s kr\u00e1sami m\u00edstn\u00ed krajiny \u010di architektury.<\/p>\n<p>&nbsp;<\/p>\n<p>&nbsp;<\/p>\n<hr align=\"center\" noshade=\"noshade\" width=\"90%\" \/>\n<p><a class=\"shutterset_\" title=\"Vyhl\u00e1\u0161en\u00ed Beskydsk\u00e9 oblasti tmav\u00e9 oblohy.\" href=\"http:\/\/www.boto.cz\/?page_id=379\"><img class=\"ngg-singlepic ngg-right alignright\" alt=\"Vyhl\u00e1\u0161en\u00ed Beskydsk\u00e9 oblasti tmav\u00e9 oblohy.\" src=\"http:\/\/www.boto.cz\/wp-content\/gallery\/zalozeni\/thumbs\/thumbs_img_0547.jpg\" \/><\/a><strong><a href=\"?page_id=379\">Galerie z tiskov\u00e9 konference p\u0159i vyhl\u00e1\u0161en\u00ed Beskydsk\u00e9 oblasti tmav\u00e9 oblohy<\/a>.<\/strong> Fotografie z p\u0159\u00edprav a pr\u016fb\u011bhu konference, vystoupen\u00ed host\u016f, podepisov\u00e1n\u00ed memoranda, rozhovory s m\u00e9dii.<\/p>\n<p>&nbsp;<\/p>\n<p>&nbsp;<\/p>\n<hr align=\"center\" noshade=\"noshade\" width=\"90%\" \/>\n<p><a class=\"shutterset_\" title=\"Model meteoritu Mor\u00e1vka\" href=\"?page_id=656\"><img loading=\"lazy\" class=\"ngg-singlepic ngg-left alignleft\" alt=\"Model meteoritu Mor\u00e1vka\" src=\"http:\/\/www.boto.cz\/wp-content\/gallery\/model-meteoritu-moravka\/thumbs\/thumbs_img_2304.jpg\" width=\"170\" height=\"140\" \/><\/a><a href=\"http:\/\/www.boto.cz\/?page_id=656\"><strong>Model meteoritu Mor\u00e1vka.<\/strong><\/a> Takto jsme stav\u011bli model meteoritu Mor\u00e1vka. Najdete ho na Gruni vedle chodn\u00edku pro bos\u00e9 nohy. Meteorit dopadl nedaleko osady Mor\u00e1vka v kv\u011btnu 2000.<\/p>\n<p>&nbsp;<\/p>\n<p>&nbsp;<\/p>\n<p>&nbsp;<\/p>\n<hr align=\"center\" noshade=\"noshade\" width=\"90%\" \/>\n<p><a class=\"shutterset_\" title=\"Lys\u00e1 hora\" href=\"http:\/\/www.boto.cz\/?page_id=678\"><img class=\"ngg-singlepic ngg-right alignright\" alt=\"Galerie sn\u00edmk\u016f no\u010dn\u00edho nebe nad Lysou horou\" src=\"http:\/\/www.boto.cz\/wp-content\/gallery\/lysa-hora\/thumbs\/thumbs_dsc_1347.jpg\" \/><\/a><strong><a href=\"?page_id=678\">Galerie sn\u00edmk\u016f no\u010dn\u00edho nebe nad Lysou horou.<\/a><\/strong> K nejnav\u0161t\u011bvovan\u011bj\u0161\u00edm vrchol\u016fm v Beskydech pat\u0159\u00ed Lys\u00e1 hora. Ta je z\u00e1rove\u0148 nejvy\u0161\u0161\u00ed horou Beskyd a jej\u00edm vrcholem proch\u00e1z\u00ed hranice BOTO. Je zde \u00fa\u017easn\u00fd v\u00fdhled na v\u0161echny sv\u011btov\u00e9 strany.<\/p>\n<p>&nbsp;<\/p>\n<p>&nbsp;<\/p>\n<p>&nbsp;<\/p>\n<hr align=\"center\" noshade=\"noshade\" width=\"90%\" \/>\n<p><a class=\"shutterset_\" title=\"No\u010dn\u00ed pozorov\u00e1n\u00ed v BOTO\" href=\"?page_id=691\"><img loading=\"lazy\" class=\"ngg-singlepic ngg-left alignleft\" alt=\"Pozorov\u00e1n\u00ed pro ve\u0159ejnost v BOTO\" src=\"http:\/\/www.boto.cz\/wp-content\/gallery\/pozorovani-pro-verejnost\/thumbs\/thumbs_img_2144.jpg\" width=\"170\" height=\"140\" \/><\/a><a href=\"?page_id=691\"><strong>Pozorov\u00e1n\u00ed pro ve\u0159ejnost v BOTO<\/strong>.<\/a> V Beskydech po\u0159\u00e1d\u00e1me akce pro ve\u0159ejnost jako nap\u0159\u00edklad Jarn\u00ed astronomick\u00fd den, Noc v\u011bdc\u016f ale i men\u0161\u00ed p\u0159\u00edle\u017eitostn\u00e1 pozorov\u00e1n\u00ed no\u010dn\u00ed oblohy.<\/p>\n<p>&nbsp;<\/p>\n<p>&nbsp;<\/p>\n<hr align=\"center\" noshade=\"noshade\" width=\"90%\" \/>\n<p>&nbsp;<\/p>\n<p style=\"text-align: center;\"><span class=\"youtube\"><iframe title=\"YouTube video player\" class=\"youtube-player\" type=\"text\/html\" width=\"480\" height=\"385\" src=\"\/\/www.youtube.com\/embed\/9cVMq-WbkeA?wmode=transparent&amp;fs=1&amp;hl=en&amp;modestbranding=1&amp;iv_load_policy=3&amp;showsearch=0&amp;rel=1&amp;theme=dark\" frameborder=\"0\" allowfullscreen><\/iframe><\/span><br \/>\n<em>Video &#8220;Kdyby zhasnul sv\u011bt&#8221;<\/em><\/p>\n<p>&nbsp;<\/p>\n<p style=\"text-align: center;\"><span class=\"youtube\"><iframe title=\"YouTube video player\" class=\"youtube-player\" type=\"text\/html\" width=\"480\" height=\"385\" src=\"\/\/www.youtube.com\/embed\/WF90MWbcpoA?wmode=transparent&amp;fs=1&amp;hl=en&amp;modestbranding=1&amp;iv_load_policy=3&amp;showsearch=0&amp;rel=1&amp;theme=dark\" frameborder=\"0\" allowfullscreen><\/iframe><\/span><br \/>\n<em>Video &#8220;Dny bez noc\u00ed&#8221;<\/em><\/p>\n<p>&nbsp;<\/p>\n","protected":false},"excerpt":{"rendered":"<p>Noc v\u011bdc\u016f 2014. Ve dnech 26. a 27.9. se v hotelu Charbul\u00e1k v Beskydsk\u00e9 oblasti tmav\u00e9 oblohy konala Noc v\u011bdc\u016f. Prvn\u00ed den se po\u010das\u00ed p\u0159\u00edli\u0161 nevyvedlo, ale ve\u0159ejnost m\u011bla mo\u017enost poslechnout p\u0159edn\u00e1\u0161ky z astronomie a p\u0159\u00edbuzn\u00fdch obor\u016f. Druh\u00e1 noc se ji\u017e vyvedla a bylo mo\u017en\u00e9 pozorovat kr\u00e1sy no\u010dn\u00ed oblohy. &nbsp; V\u00fdstava P\u0159\u00edli\u0161 sv\u011btl\u00e1 tma. O [&hellip;]<\/p>\n","protected":false},"author":1,"featured_media":0,"parent":0,"menu_order":3,"comment_status":"open","ping_status":"open","template":"","meta":{"ngg_post_thumbnail":0},"_links":{"self":[{"href":"http:\/\/www.boto.cz\/index.php?rest_route=\/wp\/v2\/pages\/14"}],"collection":[{"href":"http:\/\/www.boto.cz\/index.php?rest_route=\/wp\/v2\/pages"}],"about":[{"href":"http:\/\/www.boto.cz\/index.php?rest_route=\/wp\/v2\/types\/page"}],"author":[{"embeddable":true,"href":"http:\/\/www.boto.cz\/index.php?rest_route=\/wp\/v2\/users\/1"}],"replies":[{"embeddable":true,"href":"http:\/\/www.boto.cz\/index.php?rest_route=%2Fwp%2Fv2%2Fcomments&post=14"}],"version-history":[{"count":82,"href":"http:\/\/www.boto.cz\/index.php?rest_route=\/wp\/v2\/pages\/14\/revisions"}],"predecessor-version":[{"id":843,"href":"http:\/\/www.boto.cz\/index.php?rest_route=\/wp\/v2\/pages\/14\/revisions\/843"}],"wp:attachment":[{"href":"http:\/\/www.boto.cz\/index.php?rest_route=%2Fwp%2Fv2%2Fmedia&parent=14"}],"curies":[{"name":"wp","href":"https:\/\/api.w.org\/{rel}","templated":true}]}}